at is the hundreds digit of r?
6
Suppose 3*i - 15 = 4*g + 11, -8 = -2*g. Let a = i + -7. What is the units digit of a?
7
Let l(z) = z**2 + 16*z - 9. Let g be l(-6). Let s = -44 - g. What is the units digit of s?
5
Suppose -3*o = -4*o - 2, l = o + 50. Suppose -53*c = -l*c - 505. What is the hundreds digit of c?
1
Let k(n) = -34 + 24*n + 10 + 13 + 13. Suppose 2*z = -3 + 5. What is the tens digit of k(z)?
2
Suppose -4*v - 13 = -4*o + 7, 20 = 4*o + 5*v. Suppose -2*y - 3*d + 148 = 0, o*d - 36 + 200 = 2*y. What is the units digit of y?
7
Suppose -11 = -5*z - 1. Suppose 5*m - 269 = -4*w + 12, -143 = -z*w - 3*m. What is the units digit of w?
4
Let r(q) be the third derivative of q**5/60 + q**4/4 + q**3/2 - 3*q**2. What is the units digit of r(-9)?
0
Suppose 4*k = -3*v - 2*v + 59, -k = 3*v - 34. Let q = v + -15. What is the units digit of q/10 - 3872/(-80)?
8
Let k = -22 - -14. Let w be k + 1 + (-18)/(-6). Let a(d) = d**2 - d - 4. What is the units digit of a(w)?
6
Let y(r) = r**3 - 8*r**2 - 8*r - 9. Let k be y(9). Suppose -37 = -2*i + m, 0 = -5*i - k*i - 4*m + 60. What is the units digit of (-2)/8 - (-212)/i?
3
Suppose 2274 = 114*r - 108*r. What is the hundreds digit of r?
3
Let l = -17 - -23. Let y(j) = j**3 - 3*j**2 - 4*j + 6. Let u be y(l). Let z = -57 + u. What is the tens digit of z?
3
Suppose -6*b + 2*b - 216 = 0. Let a = b - -109. What is the tens digit of a?
5
Let t(j) = -j**3 - 31*j**2 - 22*j + 70. What is the tens digit of t(-31)?
5
Suppose -r + 16 = -4*u - 0*r, 0 = 4*r. Let z(l) = 4*l**2 + 7*l - 4. Let v be z(u). What is the units digit of 10 - 7 - (1 - v)?
4
Suppose z = -3*l + 920, 48*l = 53*l - z - 1544. What is the tens digit of l?
0
Let q = -3 + 0. Let s be q/((-4)/(-8) - 2). Suppose -4*c = -2*y + 18, s*y + y + 4*c - 7 = 0. What is the units digit of y?
5
Let p = 3358 - 1044. What is the hundreds digit of p?
3
Let k = -268 + 489. What is the tens digit of k?
2
Let g(l) = 19*l**2 - 13*l + 9. What is the tens digit of g(4)?
6
Suppose 0*a + 20 = 5*a. Let g = 12 + -10. Suppose g*j + a*o = 0, -4*j - 5*o - 28 = -5*j. What is the units digit of j?
8
Let c(v) = 72*v - 57. What is the hundreds digit of c(6)?
3
What is the units digit of 804/(-10)*2470/(-114)?
2
Let i(q) = 9*q**2 - 8*q**2 + 2*q**3 - 2 - 3*q**3 + 13*q. What is the units digit of i(-4)?
6
Let z(o) be the third derivative of -o**4/24 - 5*o**3/6 + 5*o**2. Let f be z(-5). Suppose f = -4*s + 13 + 15. What is the units digit of s?
7
Let g = -9 - -9. Suppose g = -c + 4*c - 42. What is the units digit of (-2)/(-2)*(c + -11)?
3
Let y = 0 - 0. Suppose 5*x - 70 = -2*r - 10, 5*x = 4*r - 120. Suppose y*q - 2*q + r = -u, -4*u - 22 = -q. What is the tens digit of q?
1
Suppose -118*o = -106*o - 2964. What is the hundreds digit of o?
2
What is the tens digit of (-636)/(-4) + 6 + -1 + -9?
5
Let o = -564 - -4096. What is the tens digit of o?
3
Let m = 911 - 324. What is the tens digit of m?
8
Suppose 0 = -2*p - p. Suppose 2*x - 11 = -3, 2*x = -3*k + 20. Suppose p = -k*a - a + 205. What is the tens digit of a?
4
Let x = -7 - -5. Let o be (-4 - x)*(-3)/2. Suppose -5*b + o*l + 29 = -b, 4*b + 3*l = 11. What is the units digit of b?
5
Let w = 458 - 291. Let p = w - 77. What is the units digit of p?
0
Let z(r) = -3*r + 9 + 12 + 4*r - 2*r. Let u be z(-9). Let n = u + 10. What is the units digit of n?
0
Suppose -3509 = -s + 1267. What is the thousands digit of s?
4
Let a(d) = -d**3 + 23*d**2 - 17*d - 32. What is the tens digit of a(22)?
7
Let q be (-27)/12 + 3/(2*6). What is the units digit of 53 - (3 + -2) - q?
4
Suppose -c = -5*t + 995, -5*c = -t + 5*t - 796. What is the hundreds digit of t?
1
Let z = -493 - -858. What is the units digit of z?
5
Suppose 4*d - 8 = 3*p, -2*d = -3*d - p + 2. Suppose d*b + 24 + 0 = 0. Let y = b - -34. What is the tens digit of y?
2
What is the tens digit of (19/6*2)/((-140)/(-36540))?
5
Let s = -130 - -170. What is the tens digit of s?
4
Suppose 27*m + 16000 = 37*m. What is the hundreds digit of m?
6
Let c = -4292 - -7500. What is the tens digit of 7*10/385 - c/(-22)?
4
Suppose 5*j + 2*c = -2*c - 83, -j = 4*c + 23. Let k be (6/j)/((-6)/(-180)). Let n = 12 - k. What is the tens digit of n?
2
What is the hundreds digit of (-4)/(-18) + -2 + (-6760)/(-36)?
1
Suppose -3*u - 129 = 3*z, 0 = -z - z - 8. Let j(b) = 56*b**2 + 6*b + 7. Let g be j(-1). Let f = g + u. What is the tens digit of f?
1
Let j(w) = -77*w + 3. Let g be j(-1). What is the tens digit of 5/(g/(-76))*-12?
5
Let i be 2570/20 - (-2)/(-4). Let k = -11 + -46. Let b = k + i. What is the tens digit of b?
7
Let v = 1664 + -990. Let o = v + -429. What is the tens digit of o?
4
Suppose 0 = -u + 28 - 34. What is the units digit of (-3)/u*(-1 - -39)?
9
Let c = 174 + -107. Suppose s = 2*q + 70, -3*q = s - 2*s + c. What is the tens digit of s?
7
Let a be (-2)/(-2) - (-712 + -6). Suppose 6*d + 245 - a = 0. What is the units digit of d?
9
Let s(i) = -3979*i - 31. What is the tens digit of s(-1)?
4
Let r = -34 + 34. Suppose 2*q + 5*k - 30 = 0, -q + r*q = 5*k - 20. What is the units digit of (-35)/14*(-112)/q?
8
Let v = 4 - -3. Let s(y) = y**3 - 7*y**2 + 1. Let f be s(v). Let o = f - -19. What is the tens digit of o?
2
Suppose -4 = -3*v + 5*r - r, v - 8 = -2*r. Suppose 7*t = v*t + 9. What is the tens digit of (2 - 23)*(-4)/t?
2
Suppose l - 21 = -2*l. Suppose -2*f - 200 = -l*f. What is the units digit of f?
0
Suppose 0 = 7*r - 2*r - y - 2524, 2*r = -3*y + 1013. What is the units digit of r?
5
Let u = -93 + 97. What is the tens digit of 137/3 - u/6?
4
Let u(c) = 328*c + 19. What is the hundreds digit of u(2)?
6
Let t(v) = 1594*v**2 - 5*v - 3. What is the tens digit of t(1)?
8
Suppose -5*q - 204 = -7*q. Suppose -4*d + q = 2*d. What is the units digit of d?
7
Suppose 5*u - 3128 = 1577. What is the hundreds digit of u?
9
Let v(q) = 4*q + 3. Let z be v(-7). Let b = z + 52. Suppose h - 63 = -4*j, -2*j + b = -0*j - h. What is the units digit of j?
5
Let b(y) = 11*y**2 - 30*y - 147. What is the hundreds digit of b(-8)?
7
Let y(f) = f. Let p(o) = -2*o + 15. Let j(c) = -p(c) + 2*y(c). What is the tens digit of j(10)?
2
Let t(l) = -7*l - 12*l + 2*l. Suppose 4*n = 5*c - n - 20, 25 = -5*n. What is the units digit of t(c)?
7
Suppose 3*r - 4*j - 145 = 87, -r - 5*j + 109 = 0. What is the units digit of r?
4
Let s(v) = 3*v**3 - v - 2. Let q be s(2). Let r(o) = o**3 - 5*o**2 - o + 10. Let l be r(5). Suppose -i + l*f - 15 = 3, q = 5*f. What is the units digit of i?
2
Suppose n - 23 = 12. Suppose -69 = -2*r + n. What is the units digit of r?
2
Let j = 404 - -52. What is the units digit of j?
6
Let u = 232 + 81. Let m = u - 159. What is the tens digit of m?
5
Suppose 3*x = j + 283, 131 - 20 = x + 3*j. What is the units digit of x?
6
Let v(w) = 19*w + 5. What is the hundreds digit of v(8)?
1
Suppose 5*u = 4*t, -4*t = -20 - 0. Suppose 0 = -3*x - 15, 5*l - 3*l - 282 = -u*x. What is the units digit of l?
1
What is the units digit of 4/(-1) - (-972 - (-4 - 0))?
4
Suppose -4*x + 2*x + 10 = 0. Suppose 0 = x*j + 23 + 17. Let n(g) = 2*g**2 + 11*g + 12. What is the units digit of n(j)?
2
Suppose -934 = -2*n + 3*y, 0 = 2*n + 5*y - 380 - 522. What is the tens digit of n?
6
Let t(f) = 2*f**2 + 4*f + 2. Let a be t(-2). Suppose 0*z = -a*z + 10. What is the units digit of z?
5
Suppose 53 = 5*i - 2*s - 1956, -4*i + 1624 = 4*s. What is the hundreds digit of i?
4
Let b(j) = 3*j**3 + 24*j**2 + 12*j - 21. Let l(q) = q**3 + 8*q**2 + 4*q - 7. Let r(p) = -2*b(p) + 7*l(p). What is the units digit of r(-5)?
8
What is the tens digit of 2367 - ((-2)/(-14) + (-2108)/(-434))?
6
Suppose 0 = -5*b + 15, 4*b + 2392 = 4*o - 392. What is the tens digit of o?
9
Suppose o + 4*k + 7 = 18, o + 3*k - 9 = 0. Suppose q = -2*z + 99, -q - 2*q - o*z + 306 = 0. What is the tens digit of q?
0
Suppose -l + 8 = 5. Suppose -151 = -4*o - l*n, -3*n = -o - 2*o + 129. What is the units digit of o?
0
Let q be 6/(-10)*(6 - 11). Let z(b) = 17*b - 1 + 4 - 2 - q. What is the tens digit of z(1)?
1
Let n(d) = d - 3. Let t(v) = -v**2 + 6*v + 19. Let o be t(8). Let q be n(o). Suppose -6*j + 106 + 248 = q. What is the tens digit of j?
5
Suppose -4*d + 4*f = -36, 18 = -3*d + 8*d + 4*f. What is the units digit of d?
6
Let u = -20 - -25. Suppose -254 = -u*q + 86. What is the tens digit of q?
6
Suppose -4*u + 14 = 3*